, 17
List the prime factors of (1092/24)/((-3)/(-30)).
5, 7, 13
Suppose -4*l = -2*j - 6, 4*l - 13 + 1 = -4*j. Suppose 0 = 4*u - 9 + j. Suppose -2*v = 3*v - z - 55, -u*v = 4*z. What are the prime factors of v?
2, 5
Suppose 0 = r - 0*r. Let b be 0 + (-1 - r) - 1. List the prime factors of (56/b + 3)*-1.
5
What are the prime factors of 44 + -44 + 1269 + -2?
7, 181
Let t be (1/3)/((-4)/(-252)). Suppose t*w = 18*w + 354. What are the prime factors of w?
2, 59
Suppose -3*k + 5*k - 282 = -b, -2*k + 3*b = -290. Let m = k + -85. What are the prime factors of 7/(-14) - m/(-2)?
2, 7
Let m = 38 + -35. Suppose m*p - 25 = 8. What are the prime factors of p?
11
Suppose -n = 2 - 6. Suppose 0 = n*q + 14 - 82. Let y = -1 + q. What are the prime factors of y?
2
Suppose 2 = -3*f - 4*a, 7*f + 3*a = 2*f + 4. Suppose -14 + 4 = -5*b. Suppose -2*w + 3*x = -12 - 63, -f*x = -b*w + 80. What are the prime factors of w?
3, 5
Let p(m) = m - 2. Let b be p(-7). Let d be (7 + -2)*b/(-5). Suppose -4*a = -2*u - 38, 0 = 4*a - d*a + 5*u + 55. List the prime factors of a.
2
Let n(w) = -w**2 - 7*w - 2. Let y be n(-6). Suppose 0 = -y*j + 4*o + 44, 2*o = 2*j - 3*j + 26. Let x = j - 7. List the prime factors of x.
3
Let f = 3211 - 2116. List the prime factors of f.
3, 5, 73
Let k = -119 - -368. Suppose -4*d + k = -d. What are the prime factors of d?
83
Let y = -746 + 1271. What are the prime factors of y?
3, 5, 7
Let v = -33 + 38. Suppose 2*s - 3 + 11 = 0. Let q = v - s. List the prime factors of q.
3
Let o = -1515 - -1543. List the prime factors of o.
2, 7
Let j = -406 - -3063. List the prime factors of j.
2657
Let p = 2735 - -490. List the prime factors of p.
3, 5, 43
Let v be 19/2 + (-2)/4. Let u(i) = 3*i**2 - 21*i + 3. List the prime factors of u(v).
3, 19
Let b = -11 + 14. Suppose b*s = 37 + 2. List the prime factors of s.
13
Let i = 63 + -64. List the prime factors of i/(((-2)/8)/(123/12)).
41
Let f = 182 - 129. Suppose 2*n = n - f. Let b = -8 - n. What are the prime factors of b?
3, 5
Let l be 0 + 0 + (13 - 10). Suppose 85 + 32 = l*a. Let r = -27 + a. What are the prime factors of r?
2, 3
Suppose -7*i + a = -11652, 0 = 2*i + 5*a - 0*a - 3345. List the prime factors of i.
3, 5, 37
Let g = 43 - -4. Suppose -5*c = -4*c - g. List the prime factors of c.
47
Suppose -8*z + 37 = -187. Suppose 4*t - z - 108 = 0. Suppose -32*p - 58 = -t*p. List the prime factors of p.
29
Suppose 0 = -5*m + 5261 + 419. What are the prime factors of m?
2, 71
What are the prime factors of 118/(-177) - 29788/(-6)?
2, 17, 73
Let m = 23 + -46. Let d = -39 - m. Let s = -5 - d. What are the prime factors of s?
11
Suppose 0 = 60*h - 66*h + 4128. What are the prime factors of h?
2, 43
Suppose -360 - 2664 = -7*z. What are the prime factors of z?
2, 3
Suppose -p = 5, 3*x + 2*p + 67 + 15 = 0. What are the prime factors of ((15/(-4))/(x/160))/1?
5
Let q = -402 - -751. List the prime factors of q.
349
Let n(d) = -14*d + 457. What are the prime factors of n(0)?
457
Let x(v) = v + 3. Let j be x(5). List the prime factors of ((-28)/j)/(3/(-54)).
3, 7
Let k be -2*(5 + (-78)/12). Let y be (-2)/(2/(-1))*2. Suppose -y*q = -k*q + 17. What are the prime factors of q?
17
List the prime factors of (-11 - -3)/8*-1689.
3, 563
Let g(w) = -56*w - 64. What are the prime factors of g(-5)?
2, 3
Let y be -1 + -8 + (1 - 2). Let c be 16/y*55/(-2). Let p = c + -29. What are the prime factors of p?
3, 5
Let z(w) = -60*w**3 + 2*w**2 + w. List the prime factors of z(-2).
2, 3
Let c(w) = -305*w**3 - 3*w**2 - 7*w - 5. What are the prime factors of c(-1)?
2, 19
Suppose -2*m + 75*b + 3770 = 74*b, 4*m - 4*b - 7548 = 0. List the prime factors of m.
7, 269
What are the prime factors of (11/(-44))/(3 - (-2893)/(-964))?
241
Suppose 4*t - 13641 = -2957. What are the prime factors of t?
2671
Let y(h) = 5*h + 5. Let n be y(7). Suppose 4*s - 8*s - 4*w = -152, 0 = -s - 3*w + n. What are the prime factors of s?
37
Let t be 1/(10/15)*-22. Let f = t + 35. Suppose -f*v + 60 = v. List the prime factors of v.
2, 5
Suppose g + g - w - 309 = 0, 0 = -5*g - w + 755. Let a = g - 82. List the prime factors of a.
2, 5, 7
Suppose -3*q - 4*m = -q - 16, -5*q - 5*m + 20 = 0. Suppose q = 3*h - 238 + 46. List the prime factors of h.
2
Let d = -1319 + 2038. What are the prime factors of d?
719
Suppose 5*n = -3*d + 106, -3*d - 4*n = -96 - 8. Let z = d + -30. Suppose 2*k + g - 92 = 0, -2*g = z*k + 2*g - 86. What are the prime factors of k?
47
Suppose 4*a - 2*y - 3*y - 2824 = 0, -4*a - 3*y = -2792. Suppose -7*g + 370 = -a. What are the prime factors of g?
3, 17
Suppose 3*m - 55*p = -52*p + 33, -2*m + p + 19 = 0. What are the prime factors of m?
2
Suppose -4*f + 15 = y, 0*y = y + 2*f - 7. Let w be y + 0 - (-478 + 7). List the prime factors of ((-1)/2)/((-5)/w).
47
Suppose n + 227 - 1250 = -2*s, 4*n = -20. Let x = 851 - s. What are the prime factors of x?
337
Let f(h) = 44*h + 716. What are the prime factors of f(22)?
2, 421
Suppose 19*l - 18*l - 617 = 0. What are the prime factors of l?
617
Suppose 0 = 25*k - 7375 - 3125. What are the prime factors of k?
2, 3, 5, 7
Let p(q) = q**3 + q**2 - 4*q - 1. Let h be p(-3). Let v(y) = -2*y - 8. Let u be v(h). Suppose r - 1 + u = -4*n, -4*r + n + 14 = 0. List the prime factors of r.
3
Suppose k - 6*k + 2895 = 0. Suppose 2*f + 71 = k. What are the prime factors of f?
2, 127
Let m = 33 + -19. Suppose -m*y + 65 = -5. What are the prime factors of y?
5
Suppose 0 = 3*y - 3*r - 6069, y + 3*r = 2*y - 2031. List the prime factors of y.
3, 673
Let h = -21 + 6. List the prime factors of ((-1655)/h - -1)*(-3)/(-2).
167
Let t(p) = -4*p + 9. Let r be t(-9). Suppose -q + r = 13. List the prime factors of q.
2
Let m = 76 - -154. List the prime factors of m.
2, 5, 23
Let w be -1 + (-18)/(-22) - 93168/132. Let f = -458 - w. List the prime factors of f.
2, 31
Suppose -3*b + 91 = -95. Suppose -2*i = -4*i + b. What are the prime factors of 20/25 + i/5?
7
Let y(j) = 2*j - 3 + j + 1 + 3*j. Let r be y(-12). Let c = r - -105. List the prime factors of c.
31
Let a(p) = p**2 + p - 1. Let m(u) = 6*u**3 - 3*u**2 - 2*u + 5. Let q(n) = 4*a(n) + m(n). Let x be q(-1). List the prime factors of 2/x + 1139/51.
2, 11
Suppose 3*h - 15 = 9. Let y be 92/(-3)*(-12)/h. Suppose y = 5*m - 3*m. List the prime factors of m.
23
Let s(t) = t**2 + 3*t. Suppose -2 = o, 5*g - o - 6 = -3*o. Suppose 4*p - i - 2*i = 9, 4*i = g*p + 8. List the prime factors of s(p).
2, 3
Suppose 7*b = 1895 + 2998. List the prime factors of b.
3, 233
Suppose -4 = -b + 5. Let r be -66*((-6)/b)/1. Suppose 0 = 5*u - r - 76. List the prime factors of u.
2, 3
Let y(i) = -i**2 - 36*i - 96. Let p be y(-28). Suppose c = -3*k - 1, 0*c - 4*c + 4*k + 28 = 0. Suppose c*m - p = 47. List the prime factors of m.
5, 7
Let o = 32 - 24. Let m(x) = 7*x**2 + o*x - x**3 - 10*x + 6*x + 5. What are the prime factors of m(7)?
3, 11
Suppose 0 = -18*p + 2056 + 7736. What are the prime factors of p?
2, 17
Suppose 22*j + 267 = 1279. List the prime factors of j.
2, 23
Suppose 56*i = -r + 54*i + 2708, 8140 = 3*r + 2*i. List the prime factors of r.
2, 7, 97
Suppose 4*s - 6621 = -s - 3*k, 2637 = 2*s + 5*k. List the prime factors of s.
2, 3, 13, 17
Suppose -6 - 9 = 3*f. What are the prime factors of 4/(-3)*(5 - (30 - f))?
2, 5
Suppose 0 = -6*n - 482 + 4562. What are the prime factors of n?
2, 5, 17
Suppose -3*q + 581 = 5*o, -4*q + 0*q + 468 = 4*o. Suppose 5*w - 10*w + o = 0. What are the prime factors of w?
23
Suppose 0 + 4 = 2*k. Suppose -f = 2*s - 61, -k*s + 121 - 5 = 2*f. List the prime factors of f.
5, 11
Let k = -423 + -69. What are the prime factors of (4/(16/k))/(9/(-6))?
2, 41
Suppose 4*x = -5*b + 8902, 2*b - 1790 = b + 4*x. List the prime factors of b.
2, 3, 11
What are the prime factors of -386*(5 + 4 - 6 - 10)?
2, 7, 193
Suppose -11*r - 555 = 215. Let d = 237 - r. List the prime factors of d.
307
Let t(u) = -5*u + 36. Let a be t(-8). Suppose -930 = -a*c + 71*c. What are the prime factors of c?
2, 3, 31
Let p = 59 - 12. Suppose p = d - 19. What are the prime factors of d?
2, 3, 11
Let t be 3/2*(-2 - (-184)/3). Let r = -65 + t. List the prime factors of r.
2, 3
Suppose -5*o + 295 = -5*w, -5*w + 0*o - 307 = -o. Let r be w/(-22) + 2/11. Suppose -32 = -4*b - 4*c, -r*b - 2*c + 20 = -0. What are the prime factors of b?
2
Let z(i) = i*